54. Calculate u(105).
-1134
Let k(i) = -11501*i + 391025. What is k(34)?
-9
Let a(m) = 1196*m + 7679. Calculate a(-9).
-3085
Let m(x) = -43*x + 4024. What is m(100)?
-276
Let p(s) = 41*s**2 + 29861*s + 9459. Give p(-728).
-5
Let k(p) = p**2 + 55*p - 819. Determine k(17).
405
Let q(d) = 65930*d + 527458. Determine q(-8).
18
Let t(l) = -l**3 + 49*l**2 + 14*l - 550. Calculate t(49).
136
Let o(a) = -4*a**2 + 182*a - 1274. Determine o(30).
586
Let n(r) = -508559*r - 15256761. Calculate n(-30).
9
Let q(o) = o**3 + 3*o**2 + 495*o + 3585. Give q(-7).
-76
Let x(k) = -82476*k + 742435. Give x(9).
151
Let g(o) = 2*o**3 - 80*o**2 - 722*o + 16275. Give g(44).
-5
Let b(h) = 3244*h - 42346. What is b(13)?
-174
Let z(d) = 884438*d + 2653315. What is z(-3)?
1
Let o(x) = x**2 + 1970*x + 227100. What is o(-123)?
-81
Let p(r) = 9*r**3 + 78*r**2 + 139*r - 34. Determine p(-4).
82
Let z(d) = 20*d**2 + 157*d - 156. Determine z(1).
21
Let l(k) = -k**2 - 394*k - 33132. Give l(-118).
-564
Let f(o) = -3*o**2 - 6121*o + 142364. Calculate f(23).
-6
Let s(o) = -2*o**2 + 669*o + 9043. Calculate s(-13).
8
Let b(o) = -2*o**3 - 291*o**2 - 142*o + 389. Calculate b(-145).
-46
Let m(g) = g**3 - 9*g**2 + 5*g - 447. Determine m(10).
-297
Let x(t) = -t**3 - 24*t**2 + 134. Calculate x(-22).
-834
Let s(c) = -c**2 + 154*c - 1026. Determine s(8).
142
Let j(b) = 297*b**2 - 13422*b + 2566. Determine j(45).
1
Let o(r) = 7*r**2 - 187*r + 89. Give o(0).
89
Let d(y) = -380*y + 19021. Determine d(49).
401
Let y(u) = -3*u**3 + 55*u**2 - 70*u + 138. Calculate y(17).
104
Let b(i) = 2149*i - 25816. Give b(12).
-28
Let f(j) = -55644*j - 1335472. Determine f(-24).
-16
Let d(r) = -r**3 - 7*r**2 - 818*r + 6420. Determine d(7).
8
Let h(a) = -31*a**2 - 1753*a - 8788. Determine h(-5).
-798
Let a(y) = -y**3 + 43*y**2 + 256*y - 750. What is a(48)?
18
Let u(k) = 818*k + 56439. Determine u(-69).
-3
Let o(n) = -2*n**3 + 64*n**2 + 50*n - 1474. Give o(32).
126
Let q(h) = 94*h - 6933. Calculate q(53).
-1951
Let z(s) = s**3 - 4*s**2 - 261*s + 1826. Give z(8).
-6
Let s(k) = -k**3 - 11*k**2 - 42*k + 505. Calculate s(9).
-1493
Let c(z) = 18*z - 1609. Determine c(107).
317
Let p(u) = -34*u**3 - 997*u**2 - 319*u + 5. What is p(-29)?
5
Let a(k) = 15*k**2 - 35*k - 148. Calculate a(9).
752
Let u(q) = 8*q**2 - 689647*q - 2068953. Determine u(-3).
60
Let y(h) = h**2 - 97*h - 3003. Determine y(-25).
47
Let s(u) = 119*u + 1195. What is s(-21)?
-1304
Let o(k) = -27*k**2 - 1374*k - 1293. Determine o(-50).
-93
Let z(n) = 93138*n + 838216. What is z(-9)?
-26
Let f(q) = 13800*q**2 - 138002*q + 19. What is f(10)?
-1
Let u(f) = 37*f**2 + 118*f - 5. What is u(-4)?
115
Let i(p) = p**2 - 122*p - 1396. Give i(137).
659
Let c(v) = -2462*v - 12315. Give c(-5).
-5
Let n(a) = -2*a**3 - 375*a**2 - 7428*a - 170. Determine n(-165).
325
Let q(d) = d**3 + 47*d**2 - 814*d + 2126. What is q(-61)?
-314
Let z(o) = -o**2 - 234*o + 26761. Give z(84).
49
Let d(g) = -g**3 - 10*g**2 - 83*g - 4776. What is d(-19)?
50
Let w(d) = 95*d + 10362. What is w(-103)?
577
Let g(i) = 2*i**3 + 37*i**2 - 37*i - 1596. Determine g(-17).
-100
Let u(i) = 2*i**3 - 7*i**2 - 66*i + 59. Calculate u(5).
-196
Let v(u) = 9*u**2 - 306*u - 13300. Give v(-25).
-25
Let q(x) = -635*x**2 - 420*x - 2. Give q(-1).
-217
Let t(q) = -2*q**3 - 99*q**2 + 64*q + 512. Give t(-50).
-188
Let h(b) = 6503*b - 78039. What is h(12)?
-3
Let a(q) = -6*q**2 - 3766*q + 34064. Determine a(9).
-316
Let y(z) = -1996*z - 8045. Calculate y(-4).
-61
Let h(n) = -4333*n - 85. What is h(0)?
-85
Let b(q) = -q**2 + 185*q + 26148. Calculate b(279).
-78
Let s(g) = -5*g**3 + 33*g**2 + 1449*g - 10037. Give s(7).
8
Let q(s) = -s**2 - 462*s - 26365. Calculate q(-397).
-560
Let c(b) = -37*b**2 - 287*b - 297. Give c(-8).
-369
Let h(w) = -4*w**2 + 8*w - 760. Give h(35).
-5380
Let v(z) = -365*z - 7152. What is v(-29)?
3433
Let d(z) = -z**2 - 1548*z + 809888. Calculate d(413).
-5
Let t(f) = -50*f + 1799. What is t(41)?
-251
Let d(q) = 4*q**2 - 440*q - 2836. Calculate d(112).
-1940
Let u(k) = -51*k**2 + 1215*k - 51. What is u(23)?
915
Let w(s) = 4*s**3 - s**2 - 232*s - 458. Give w(-2).
-30
Let v(z) = z**3 - 217*z**2 - 316*z + 21377. What is v(218)?
13
Let s(g) = 1287*g - 906057. What is s(704)?
-9
Let q(o) = -520*o**2 - 1342*o + 1344. Calculate q(1).
-518
Let f(g) = -146403*g**2 - 439210*g - 4. Determine f(-3).
-1
Let g(u) = u**3 - 160*u**2 - 302*u - 3102. Calculate g(162).
462
Let w(l) = -l**2 + 227*l - 3944. What is w(208)?
8
Let c(b) = -1315*b + 6756. Determine c(6).
-1134
Let f(n) = 1710*n + 142997. Determine f(-84).
-643
Let u(h) = -100*h - 11115. Determine u(-102).
-915
Let m(o) = 400*o - 11986. Give m(30).
14
Let c(t) = -t**3 - 17*t**2 - 42*t - 39. Determine c(-7).
-235
Let j(d) = 386300*d - 386291. Determine j(1).
9
Let o(x) = -40*x**2 + 1466*x - 136. Calculate o(37).
-654
Let r(n) = 165902*n - 2488528. What is r(15)?
2
Let h(o) = -o**2 + 122*o - 2383. Give h(98).
-31
Let h(b) = -b**3 + 220*b**2 + 1382*b + 65. What is h(-6)?
-91
Let d(x) = 22*x**2 - 446*x - 4. Give d(22).
832
Let v(c) = -146*c**2 - 10948*c + 122. Give v(-75).
-28
Let i(c) = c**2 - 1249*c + 124325. Determine i(109).
65
Let c(k) = -2626*k - 42110. Give c(-16).
-94
Let b(q) = -38*q**2 + 62968*q - 188570. Calculate b(3).
-8
Let f(a) = -646*a - 18477. Calculate f(-28).
-389
Let t(b) = -2*b**3 + 1073*b**2 + 10411*b - 20239. Determine t(546).
-37
Let v(n) = 14*n**2 - 541*n + 3522. What is v(7)?
421
Let g(z) = 14059*z - 1377814. Calculate g(98).
-32
Let z(i) = -124880*i + 749139. Calculate z(6).
-141
Let o(x) = -939*x + 2825. Give o(3).
8
Let x(c) = -290364*c - 1161454. Give x(-4).
2
Let r(l) = l**2 - 13854*l - 110899. Give r(-8).
-3
Let n(d) = -2*d**3 + 133*d**2 - 22841*d + 1567058. What is n(68)?
-2
Let m(u) = -53*u**2 - 11980*u + 281. Determine m(-226).
733
Let n(j) = -384*j**3 + 749*j**2 + 55*j - 101. Calculate n(2).
-67
Let n(p) = 107*p**2 - 32101*p + 287. Give n(300).
-13
Let o(p) = p**3 - 269*p**2 + 5879*p + 251. What is o(245)?
6
Let b(g) = 15*g**2 + 6223*g + 53977. What is b(-406)?
-21
Let u(j) = -69733*j - 69761. Give u(-1).
-28
Let y(g) = g**3 + 8*g**2 - 176*g - 1517. Give y(-9).
-14
Let a(g) = -g**2 + 543*g - 33026. Calculate a(70).
84
Let f(z) = -111*z**2 - 1356*z - 494. Give f(-12).
-206
Let a(g) = -483*g**2 + 187*g - 4. Give a(2).
-1562
Let i(n) = -n**2 + 357*n - 28625. Calculate i(121).
-69
Let x(w) = 6*w**3 + 59*w**2 + 165*w - 14. Give x(-6).
-176
Let i(q) = -q**3 - 64*q**2 - 181*q + 192. Give i(-61).
70
Let d(m) = -1458*m - 16047. Give d(-11).
-9
Let b(r) = -3463*r**2 + 124678*r - 184. Calculate b(36).
176
Let z(p) = -p**2 - 453*p + 151580. What is z(224)?
-68
Let z(y) = y**3 - 17*y**2 - 178*y + 3005. Determine z(15).
-115
Let q(t) = 17*t**2 + 932*t + 6367. What is q(-8)?
-1
Let w(y) = -y**3 - 36*y**2 - 216*y + 114. Calculate w(-9).
-129
Let c(v) = 19*v**2 - 2432*v - 424. Give c(128).
-424
Let p(t) = 506*t**2 - 8089*t - 50. Determine p(16).
62
Let y(x) = 2811*x + 16925. Determine y(-6).
59
Let g(x) = 8*x**2 + 3073*x - 64195. Give g(-404).
41
Let q(o) = 525*o**2 - 6876*o + 724. Give q(13).
61
Let b(z) = -682*z**2 - 2655*z + 37. Calculate b(-4).
-255
Let t(s) = -s**3 - 211*s**2 - 2864*s - 20987. Give t(-197).
-105
Let o(h) = -17*h**3 - 71*h**2 - 607*h - 2387. Determine o(-4).
-7
Let c(w) = -3*w**3 + 8*w**2 - 6111*w + 24488. Calculate c(4).
-20
Let k(j) = -314*j + 10189. What is k(30)?
769
Let h(x) = 1306*x - 731. Determine h(1).
575
Let g(v) = -v**3 + v**2 - 11*v - 24. Determine g(-7).
445
Let k(x) = -6806*x - 95454. Determine k(-14).
-170
Let s(h) = -h**3 - 235*h**2 - 398*h + 69132. Give s(-232).
-4
Let q(s) = -4*s**3 + 95*s**2 - 410*s - 828. Give q(17).
5
Let k(j) = 29088*j + 33509371. Give k(-1152).
-5
Let a(r) = 2738*r - 106713. Calculate a(39).
69
Let m(w) = 6079*w - 197040. What is m(32)?
-2512
Let x(r) = -r**2 + 71*r + 2273. Determine x(-24).
-7
Let y(q) = q**3 + 22*q**2 + 17*q + 413. What is y(-22)?
39
Let v(z) = -z**3 + 227*z**2 + 3627*z - 41. Calculate v(-15).
4
Let g(o) = -136*o**3 + 814*o**2 + 3024*o - 18063. Determine g(6).
9
Let q(x) = -652*x - 6786. Calculate q(-10).
-266
Let t(x) = -12*x**2 - 332*x + 2420. Determine t(6).
-4
Let j(b) = -10*b**2 + 562*b - 7498. Determine j(13).
-1882
Let d(i) = -41*i + 1856. Calculate d(12)